is the highest common factor of 49 and 32144?
49
Calculate the highest common divisor of 774 and 54.
18
Calculate the greatest common factor of 16 and 10.
2
What is the highest common factor of 4 and 10964?
4
What is the highest common divisor of 391 and 697?
17
What is the highest common divisor of 12 and 3952?
4
Calculate the greatest common factor of 136 and 1352.
8
Calculate the greatest common factor of 348 and 384.
12
Calculate the greatest common factor of 24 and 444.
12
What is the highest common factor of 6 and 249?
3
What is the highest common divisor of 7950 and 30?
30
Calculate the greatest common divisor of 703 and 152.
19
Calculate the highest common divisor of 539 and 11.
11
What is the highest common factor of 33 and 77?
11
Calculate the highest common factor of 26 and 1235.
13
What is the highest common divisor of 1288 and 4?
4
Calculate the greatest common factor of 704 and 440.
88
Calculate the greatest common divisor of 60 and 540.
60
Calculate the greatest common factor of 1446 and 24.
6
Calculate the greatest common divisor of 19 and 1121.
19
Calculate the greatest common divisor of 392 and 147.
49
Calculate the greatest common factor of 17064 and 648.
216
What is the highest common divisor of 310 and 10?
10
What is the highest common divisor of 2291 and 316?
79
What is the greatest common divisor of 666 and 74?
74
Calculate the greatest common factor of 153 and 272.
17
What is the highest common divisor of 234 and 342?
18
What is the highest common divisor of 16 and 112?
16
Calculate the greatest common factor of 95 and 40.
5
What is the highest common factor of 8 and 236?
4
Calculate the highest common divisor of 3 and 3.
3
Calculate the greatest common factor of 1512 and 280.
56
What is the highest common divisor of 30 and 375?
15
What is the highest common divisor of 44 and 33?
11
Calculate the highest common divisor of 6 and 3.
3
Calculate the highest common divisor of 1248 and 78.
78
What is the greatest common divisor of 1133 and 618?
103
What is the greatest common factor of 7 and 329?
7
Calculate the greatest common factor of 22 and 44.
22
What is the highest common factor of 5900 and 708?
236
What is the highest common factor of 1904 and 408?
136
Calculate the highest common factor of 115 and 40.
5
What is the greatest common factor of 4576 and 1760?
352
Calculate the greatest common divisor of 423 and 94.
47
What is the highest common factor of 128 and 8?
8
Calculate the greatest common factor of 114 and 15447.
57
Calculate the greatest common divisor of 17985 and 1155.
165
What is the greatest common divisor of 50 and 40?
10
Calculate the greatest common factor of 475 and 2775.
25
What is the highest common factor of 328 and 738?
82
Calculate the greatest common divisor of 7 and 77.
7
Calculate the highest common divisor of 49 and 5488.
49
Calculate the greatest common factor of 5738 and 38.
38
What is the highest common divisor of 4615 and 71?
71
Calculate the highest common factor of 18487 and 278.
139
Calculate the greatest common divisor of 1416 and 24.
24
Calculate the greatest common factor of 30 and 65.
5
Calculate the greatest common factor of 21 and 1596.
21
Calculate the highest common factor of 186 and 18786.
186
What is the greatest common factor of 11373 and 102?
51
What is the greatest common divisor of 198 and 55?
11
What is the greatest common divisor of 67 and 4?
1
Calculate the greatest common divisor of 147 and 49.
49
What is the greatest common factor of 259 and 7?
7
What is the highest common divisor of 40 and 2120?
40
Calculate the greatest common divisor of 440 and 25190.
110
What is the highest common factor of 4 and 92?
4
Calculate the highest common divisor of 54 and 4.
2
What is the highest common factor of 323 and 17?
17
What is the greatest common factor of 23 and 88?
1
What is the highest common divisor of 40 and 16?
8
Calculate the greatest common divisor of 144 and 180.
36
Calculate the greatest common factor of 168 and 2328.
24
Calculate the highest common factor of 884 and 52.
52
What is the highest common divisor of 3668 and 655?
131
What is the greatest common divisor of 224 and 144?
16
What is the highest common factor of 110 and 5170?
110
What is the highest common divisor of 520 and 80?
40
What is the highest common divisor of 9 and 327?
3
What is the highest common divisor of 21 and 39?
3
What is the highest common divisor of 322 and 294?
14
What is the greatest common divisor of 28 and 630?
14
What is the highest common factor of 46 and 736?
46
What is the highest common divisor of 294 and 14?
14
What is the highest common divisor of 4 and 3088?
4
Calculate the highest common divisor of 22 and 18.
2
Calculate the greatest common factor of 90 and 2160.
90
What is the greatest common divisor of 9 and 369?
9
What is the greatest common divisor of 63 and 91?
7
What is the greatest common factor of 44 and 12?
4
What is the greatest common factor of 16 and 1552?
16
What is the greatest common divisor of 7786 and 306?
34
Calculate the greatest common factor of 515 and 1339.
103
What is the greatest common factor of 20 and 70?
10
Calculate the highest common factor of 86 and 4343.
43
What is the greatest common factor of 46 and 40?
2
What is the highest common factor of 42 and 2170?
14
Calculate the highest common factor of 5 and 20.
5
Calculate the highest common divisor of 34 and 2.
2
Calculate the highest common divisor of 116 and 754.
58
What is the highest common divisor of 123 and 15?
3
Calculate the highest common factor of 749 and 7.
7
What is the greatest common divisor of 42 and 777?
21
Calculate the greatest common divisor of 10621 and 1235.
247
What is the greatest common factor of 1740 and 232?
116
Calculate the highest common factor of 610 and 2196.
122
Calculate the highest common divisor of 9 and 2454.
3
Calculate the highest common factor of 1342 and 110.
22
Calculate the greatest common divisor of 5985 and 252.
63
Calculate the highest common divisor of 368 and 1242.
46
What is the greatest common factor of 816 and 32?
16
Calculate the greatest common divisor of 6 and 6.
6
What is the greatest common divisor of 318 and 54?
6
Calculate the greatest common factor of 18 and 13302.
18
Calculate the highest common factor of 525 and 150.
75
Calculate the greatest common factor of 18 and 1050.
6
Calculate the greatest common divisor of 306 and 36.
18
Calculate the highest common factor of 50 and 90.
10
What is the highest common factor of 720 and 405?
45
Calculate the highest common divisor of 5377 and 38.
19
What is the highest common divisor of 85 and 1445?
85
Calculate the greatest common factor of 20 and 7990.
10
What is the highest common divisor of 90 and 20?
10
Calculate the highest common divisor of 294 and 84.
42
Calculate the greatest common divisor of 4 and 482.
2
What is the highest common divisor of 1702 and 46?
46
What is the greatest common factor of 323 and 85?
17
What is the highest common factor of 97 and 9409?
97
What is the highest common divisor of 21 and 5?
1
Calculate the highest common divisor of 22 and 2167.
11
Calculate the highest common factor of 154 and 682.
22
Calculate the greatest common factor of 500 and 300.
100
Calculate the greatest common divisor of 33 and 747.
3
Calculate the highest common factor of 153 and 54.
9
What is the greatest common divisor of 16 and 38?
2
What is the greatest common factor of 105 and 5600?
35
What is the greatest common divisor of 301 and 129?
43
What is the highest common factor of 6 and 39?
3
Calculate the highest common divisor of 168 and 868.
28
Calculate the highest common factor of 55 and 35.
5
What is the highest common factor of 180 and 468?
36
Calculate the highest common factor of 46 and 2.
2
What is the highest common divisor of 49 and 29743?
49
Calculate the highest common factor of 78 and 26.
26
What is the greatest common factor of 77 and 448?
7
What is the greatest common divisor of 301 and 43?
43
What is the highest common factor of 37 and 259?
37
Calculate the greatest common factor of 64 and 40.
8
What is the highest common factor of 156 and 12?
12
Calculate the highest common divisor of 658 and 376.
94
What is the highest common factor of 1976 and 304?
152
Calculate the highest c